it of ((-1)/(-2))/(i/(-312))?
2
Suppose 5*d + 2*x - 4 = 0, 2*d = d - 4*x + 8. Suppose d = 5*q + 4*q - 549. What is the tens digit of q?
6
Let y(f) = f**3 + 12*f**2 + 13*f - 7. Let c be y(-11). Let l be (-18)/81 - c/9. Suppose l*d - 66 = 4*v + 104, -5*d = 3*v - 322. What is the units digit of d?
2
Let l(v) = v**3 + 18*v**2 - 17*v + 38. What is the tens digit of l(-18)?
4
Let g(q) = 142*q + 119. What is the units digit of g(5)?
9
Suppose -4*g = -2*c - 10506, -2*c + 6*c = -5*g + 13113. What is the units digit of g?
5
Suppose 0 = -0*d - d + 2. Suppose -l + 8 = -s - 4*l, d*s + 4 = -3*l. Suppose 0 = q + s - 6. What is the units digit of q?
2
Suppose -7*r - 8*p = -3*r - 6396, 4*r - 6417 = -p. What is the units digit of r?
5
Suppose 4*i - 2*i + 8 = 5*d, 3 = -d + 5*i. Let r(t) = -14*t**2 + 20*t**d + 1 + 6*t**2. What is the units digit of r(-1)?
3
Let y(r) = 115*r - 366. What is the units digit of y(8)?
4
Let k = 6054 + -1945. What is the units digit of k?
9
Let f be ((-4)/(-10))/(2/10). Suppose o - 5 = -2. Suppose -150 = -o*l - f*l. What is the tens digit of l?
3
Suppose 3*l + 2*b - 27 = 0, 3*b + 0*b + 18 = 2*l. What is the hundreds digit of (50/(-8))/(l/(-252))?
1
Let y be (7 - 0)*24/7. Suppose 2*o - 14 = y. What is the tens digit of (-2 + o - -1) + 3?
2
Let j be (-2)/5 - (-6)/(-10). Let f(y) = 1 + 32*y**2 - 41*y**2 + y + 30*y**2 + 0*y. What is the units digit of f(j)?
1
What is the hundreds digit of 36872/48 + (-10)/60?
7
Let v(j) = 36*j - 28. Let c(q) = -q + 1. Let p(f) = -2*c(f) + v(f). What is the units digit of p(4)?
2
Suppose 7*f = 3*f + 8. Let b = f - -17. Let l = b - 2. What is the tens digit of l?
1
Let b = -690 - -690. Let i(l) = 5 - l + 2*l + 59. What is the tens digit of i(b)?
6
Suppose 10*x + 2*x = 2352. What is the units digit of x?
6
What is the units digit of (4/4)/(4/2268)?
7
Suppose 0 = 21*o - 399 - 1239. What is the tens digit of o?
7
Let x(d) = -d**3 + d**2 + 4*d + 3. Let f be x(-2). Let r(a) = 0*a - 9 + f*a - 3*a. What is the units digit of r(4)?
7
Let t be -12 - (4 - 8/4). Let m(x) = x**2 + 15*x - 4. Let l be m(t). Let n = l + 45. What is the tens digit of n?
2
Let r(y) = y**3 + 16*y**2 - 2*y - 16. Let s = -42 - -26. Let l be r(s). Suppose l = -3*v + 37. What is the units digit of v?
7
Suppose -287 + 1898 = 3*k. Let n = k - 793. What is the units digit of n/(-6) + 6/(-9)?
2
Suppose 1 - 3 = -j. Suppose l + o - 23 = 15, j*l = -o + 72. What is the units digit of l?
4
Let u = -1379 + 2281. What is the units digit of u?
2
Suppose 5*l = -7*j + 12*j - 3740, 2*l - 1496 = -2*j. What is the hundreds digit of j?
7
What is the thousands digit of ((-1960)/420)/(3/((-3555)/2))?
2
What is the units digit of ((6/3)/4)/((-1)/(-110))?
5
Suppose l = -4*k + k + 2, -5*l - 4*k = 1. What is the tens digit of 9470/30 - l/6*2?
1
Let r be 18/(-4)*4/3. What is the tens digit of (r - (-3 + 0))*-22?
6
Suppose 0 = 43*l - 16758 - 24264. What is the hundreds digit of l?
9
Let m = -38 + 26. Let b be (-10)/4*m/6. Suppose 31 + 169 = b*r. What is the units digit of r?
0
Suppose -2*o + 74 = h + o, -5*h = -4*o - 332. Let n = 137 - h. Let s = 103 - n. What is the units digit of s?
4
Let t = -2596 - -5034. What is the tens digit of t?
3
What is the units digit of ((-6939)/(-18))/((-9)/(-12))?
4
Suppose 2*c + 8*c - 280 = 0. Suppose -c*k + 31*k = 612. What is the hundreds digit of k?
2
Let t = -240 - -276. What is the tens digit of t?
3
What is the tens digit of ((-63)/(-84))/((-3)/94)*-46?
8
Let n(o) = 31*o**3 + o**2 + 4*o - 6. Let s be n(4). What is the units digit of (2/6)/(5/s)?
4
Let i(f) = 238*f + 246. What is the thousands digit of i(14)?
3
Suppose 0 = 3*y + 10 - 148. Suppose -5*n - y = -301. Let f = n - 18. What is the units digit of f?
3
Let l = 19 - 15. Let j be l/16 + 57/12. Suppose 4*r - 4*k + 57 = 193, -j*r + 178 = -3*k. What is the units digit of r?
8
Let w = -12 + 16. Suppose 0 = -3*i + 3*h + 129, 7*i = w*i + 2*h + 127. Let f = i - 24. What is the tens digit of f?
1
Let g(z) = -z**2 - 11*z. Let a(r) = -6*r**2 + 5*r**3 - 6*r**3 + 18 - 8*r**2 - 11*r. Let u be a(-13). What is the tens digit of g(u)?
2
Let k(r) = r + 24. Let y be k(-13). Suppose y*f = 414 + 466. What is the tens digit of f?
8
Suppose -c + 2*c = 80. Suppose f - c = -4*f. What is the units digit of f?
6
Let w(h) = 19*h - 5. Let n be w(6). Let j = n + 1. What is the units digit of j?
0
Let t be (4/(-2))/((-1)/(-2)). Suppose 0*u - 26*u = -468. Let l = u - t. What is the units digit of l?
2
Let t(p) = 27*p - 13. Let x = 44 - 40. What is the units digit of t(x)?
5
Let g(y) = -y**2 - 3*y + 2. Let q(o) = 2*o**2 + 7*o - 5. Let j(k) = -9*g(k) - 4*q(k). Let p be j(2). What is the tens digit of -3 - (-42 + (p - 3))?
3
Let n = 132 - 32. Suppose 4*a - 317 = 3*k - n, 3*k = a - 52. What is the tens digit of a?
5
Let o be -3 + 0/(-4) - (2 + 79). Let m = 94 + o. What is the units digit of m?
0
Suppose -1530 = -b - s, -140*b + 139*b - 2*s = -1529. What is the thousands digit of b?
1
Let i(k) be the first derivative of -3*k**2/2 + 47*k + 5. Let b be i(0). Let j = b - 25. What is the tens digit of j?
2
Let x(i) = i**3 + 13*i + 8. Let k be x(-5). What is the units digit of k*2/(-4) - (7 - 3)?
7
Suppose 4*p + 4*a + 68 = 0, 5*p + 53 = 3*a - 0*a. Let t = p - -20. Suppose 4*r = 3*r + t. What is the units digit of r?
7
What is the units digit of 1220 - ((-15)/10)/(2/(-4))?
7
Suppose -2*p + 5*c = 16, -14 = -5*p + 4*c - 5*c. Suppose -4*r + 7 = m, -p*m + 0*m - 2 = 0. Suppose -r*j - 12 = -76. What is the units digit of j?
2
Let d(j) = -j + 2. Let k be d(-2). Suppose k*z - 112 = 2*z. What is the tens digit of z?
5
Let y(d) be the second derivative of -d**4/12 + 5*d**3/3 - 3*d**2/2 - d. Let b be y(8). Let p = 39 - b. What is the units digit of p?
6
Suppose -q + 23 = 5*f, -4 = f - 5*q + 7. Suppose -3*m + 24 = 4*h, -f*h - 3*m = m - 28. Let i = h - -5. What is the units digit of i?
8
Let o(i) = i**2 + 11*i - 5. Let c be o(-6). Let q = 92 + c. What is the tens digit of q?
5
Let i be ((-1)/(-3))/((-1)/(-6)). Let t be 71/i*(-10 - -8). Let h = -49 - t. What is the tens digit of h?
2
Let p(y) = 31*y**2 + 22*y + 10. What is the tens digit of p(-6)?
9
Suppose -2*p + 35 = -p. Suppose -p*z + 32*z = -675. What is the hundreds digit of z?
2
Let b(l) be the second derivative of 2*l**3/3 + l**2/2 + 33*l. Suppose 5*i + 3*c - 10 = 0, -4*i + 2*c + 21 + 9 = 0. What is the tens digit of b(i)?
2
Suppose v + 3*f = -7, -11 = v + f - 4. Let j(a) = -a**3 - 8*a**2 - 6*a + 1. Let s be j(v). Let b(r) = r**2 + 4*r + 13. What is the tens digit of b(s)?
2
Let o = 3089 - 1254. What is the thousands digit of o?
1
Let p(i) = -i + 1. Let b(m) be the second derivative of 7*m**3/6 - 43*m**2/2 - 14*m. Let n(z) = -b(z) - 6*p(z). What is the units digit of n(15)?
2
Let y(d) = -d**2 + 11*d - 25. Let o be y(7). Suppose v + v + 61 = o*f, 0 = -f + 5*v + 16. What is the units digit of f?
1
Let l(c) = 1346*c**2 - 9*c + 7. What is the hundreds digit of l(2)?
3
Let d(o) = -o**2 + 5*o + 8. Let p be d(6). Suppose q = 23 - p. Let v = q - 17. What is the units digit of v?
4
Let x be ((-24)/(-10))/((-3)/(-310)). Suppose 5*v - 620 = -4*z, 0*v + z = 2*v - x. What is the units digit of v?
4
Suppose 10 - 37 = -3*g. Let q(d) = 6*d + 86. Let i be q(-14). Suppose g - 29 = -i*t. What is the units digit of t?
0
Suppose 2041 = h - 2*u, -5*h + 4756 = 3*u - 5449. What is the units digit of h?
1
Let t(k) = -122*k + 602. What is the thousands digit of t(-12)?
2
What is the units digit of (-5 + 77/14)*356?
8
Let x(c) = 169*c - 49. What is the tens digit of x(6)?
6
Suppose 86*j = 82*j + 592. What is the units digit of j?
8
Let o(u) = -u**3 - 11*u**2 - 25*u - 12. Let w be o(-8). What is the tens digit of (-3)/(-12)*-87*w?
8
Suppose 21*n - 23*n = -500. What is the tens digit of n?
5
Let w(f) = 3*f - 13. Let g be w(5). Suppose -2*v = 2*m + 3*v - 64, 160 = 4*m + g*v. What is the tens digit of m?
4
Let y be 540/(-40)*(-38)/3. Suppose 5*m - y = 154. What is the units digit of m?
5
Let z(i) = i**2 + 2*i - 2. Let a be z(-3). Suppose b = -a - 2. What is the tens digit of 1 - (2 + b)*20?
2
Suppose -10*k = -7*k - 138. Suppose -v + 4*f = 2*v + 69, -2*f + k = -2*v. Let q = -14 - v. What is the units digit of q?
9
Suppose 20*a - 85*a + 44135 = 0. What is the hundreds digit of a?
6
Let j = 28 - 28. Suppo